{"id":317,"date":"2019-04-02T20:58:00","date_gmt":"2019-04-02T20:58:00","guid":{"rendered":"http:\/\/camdg.com.ar\/demo\/?page_id=317"},"modified":"2019-04-16T20:39:06","modified_gmt":"2019-04-16T20:39:06","slug":"abogados","status":"publish","type":"page","link":"http:\/\/camdg.com.ar\/demo\/abogados\/","title":{"rendered":"Otros Servicios"},"content":{"rendered":"\t\t<div data-elementor-type=\"wp-post\" data-elementor-id=\"317\" class=\"elementor elementor-317\">\n\t\t\t\t\t\t<section class=\"elementor-section elementor-top-section elementor-element elementor-element-4e9e0c3 elementor-section-boxed elementor-section-height-default elementor-section-height-default\" data-id=\"4e9e0c3\" data-element_type=\"section\">\n\t\t\t\t\t\t<div class=\"elementor-container elementor-column-gap-default\">\n\t\t\t\t\t<div class=\"elementor-column elementor-col-100 elementor-top-column elementor-element elementor-element-d923056\" data-id=\"d923056\" data-element_type=\"column\">\n\t\t\t<div class=\"elementor-widget-wrap elementor-element-populated\">\n\t\t\t\t\t\t<section class=\"elementor-section elementor-inner-section elementor-element elementor-element-70052dc elementor-section-boxed elementor-section-height-default elementor-section-height-default\" data-id=\"70052dc\" data-element_type=\"section\">\n\t\t\t\t\t\t<div class=\"elementor-container elementor-column-gap-default\">\n\t\t\t\t\t<div class=\"elementor-column elementor-col-33 elementor-inner-column elementor-element elementor-element-650c1ce\" data-id=\"650c1ce\" data-element_type=\"column\">\n\t\t\t<div class=\"elementor-widget-wrap elementor-element-populated\">\n\t\t\t\t\t\t<div class=\"elementor-element elementor-element-18a2e80 elementor-widget elementor-widget-image\" data-id=\"18a2e80\" data-element_type=\"widget\" data-widget_type=\"image.default\">\n\t\t\t\t<div class=\"elementor-widget-container\">\n\t\t\t\t\t\t\t\t\t\t\t\t\t<img decoding=\"async\" width=\"10\" height=\"420\" src=\"http:\/\/camdg.com.ar\/demo\/wp-content\/uploads\/2019\/04\/puntos.png\" class=\"attachment-large size-large wp-image-424\" alt=\"\" \/>\t\t\t\t\t\t\t\t\t\t\t\t\t<\/div>\n\t\t\t\t<\/div>\n\t\t\t\t\t<\/div>\n\t\t<\/div>\n\t\t\t\t<div class=\"elementor-column elementor-col-33 elementor-inner-column elementor-element elementor-element-7c57856\" data-id=\"7c57856\" data-element_type=\"column\">\n\t\t\t<div class=\"elementor-widget-wrap elementor-element-populated\">\n\t\t\t\t\t\t<div class=\"elementor-element elementor-element-a7d61da elementor-widget elementor-widget-text-editor\" data-id=\"a7d61da\" data-element_type=\"widget\" data-widget_type=\"text-editor.default\">\n\t\t\t\t<div class=\"elementor-widget-container\">\n\t\t\t\t\t\t\t<ul><li style=\"text-align: justify;\"><strong>CAPACITACI\u00d3N DE DIRECTIVOS, ABOGADOS Y PERSONAL DE LA EMPRESA<\/strong><\/li><\/ul><p style=\"text-align: justify;\">Este Estudio ofrece la posibilidad de realizar cursos peri\u00f3dicos de actualizaci\u00f3n en Derecho Empresario y sobre Relaciones Laborales. Estos cursos pueden destinarse tanto al personal de la instituci\u00f3n como a sus altos cargos directivos.<\/p><ul style=\"text-align: justify;\"><li><strong>MEDIACI\u00d3N Y ARBITRAJE<\/strong><\/li><\/ul><p style=\"text-align: justify;\">Nuestro aporte, en primer lugar, consiste en buscar permanentemente una salida a los ya mencionados problemas cr\u00edticos del sistema judicial p\u00fablico. Para eso, hemos creado el Centro Privado de Arbitraje y Mediaci\u00f3n (CEPAM), asociaci\u00f3n civil sin \u00e1nimo de lucro, con personer\u00eda jur\u00eddica otorgada por la Inspecci\u00f3n General de Personas Jur\u00eddicas de la provincia de Santa Fe bajo el N\u00ba 515\/96.<\/p><p style=\"text-align: justify;\">Conozca las autoridades y normas de funcionameinto del CEPAM (hiperv\u00ednculo)<\/p><p style=\"text-align: justify;\">(Contenido del hiperv\u00ednculo: este centro tiene como objetivo brindar un marco f\u00edsico y jur\u00eddico para la soluci\u00f3n de controversias en forma privada, procurar un abaratamiento sustancial\u00edsimo de costes y ofrecer una lista de profesionales (\u00e1rbitros, mediadores, etc.) de gran prestigio y conocimiento t\u00e9cnico en sus respectivas disciplinas (m\u00e9dicos, abogados, contadores, ingenieros, arquitectos, corredores inmobiliarios, etc.). Por supuesto, el Centro ofrece, tambi\u00e9n un Reglamento especialmente pensado y redactado al efecto por el Prof. Adolfo Alvarado Velloso.<\/p><ul style=\"text-align: justify;\"><li><strong>ASESORAMIENTO PARA ANTICIPAR SOLUCIONES POR MEDIACI\u00d3N O ARBITRAJE<\/strong><\/li><\/ul><p style=\"text-align: justify;\">Paralelamente, y con el firme objetivo de fomentar y aprovechar las ventajas de las v\u00edas privadas de soluci\u00f3n de controversias, evitando llevar el conflicto a sede judicial, proponemos prever estas posibilidades desde la celebraci\u00f3n misma de todo contrato.<\/p><p style=\"text-align: justify;\">Para eso sugerimos la inclusi\u00f3n en todo convenio de la siguiente cl\u00e1usula compromisoria, que habilitar\u00e1 la actuaci\u00f3n del CEPAM:<\/p><p style=\"text-align: justify;\">\u00a0\u00abAnte cualquier conflicto que pudiere suscitarse con motivo del presente contrato, las partes convienen buscar la soluci\u00f3n mediante el arbitraje o mediaci\u00f3n del CENTRO PRIVADO DE MEDIACION Y ARBITRAJE -CEPAM- cuyo reglamento declaran conocer y aceptar desde ya. A estos efectos se agrega un ejemplar de dicho reglamento, como parte integrante de este contrato\u00bb.<\/p>\t\t\t\t\t\t<\/div>\n\t\t\t\t<\/div>\n\t\t\t\t\t<\/div>\n\t\t<\/div>\n\t\t\t\t<div class=\"elementor-column elementor-col-33 elementor-inner-column elementor-element elementor-element-6d6100d\" data-id=\"6d6100d\" data-element_type=\"column\">\n\t\t\t<div class=\"elementor-widget-wrap elementor-element-populated\">\n\t\t\t\t\t\t<div class=\"elementor-element elementor-element-20279a5 elementor-widget elementor-widget-image\" data-id=\"20279a5\" data-element_type=\"widget\" data-widget_type=\"image.default\">\n\t\t\t\t<div class=\"elementor-widget-container\">\n\t\t\t\t\t\t\t\t\t\t\t\t\t<img fetchpriority=\"high\" decoding=\"async\" width=\"546\" height=\"400\" src=\"http:\/\/camdg.com.ar\/demo\/wp-content\/uploads\/2019\/04\/sec-servicios-va.png\" class=\"attachment-large size-large wp-image-445\" alt=\"\" srcset=\"http:\/\/camdg.com.ar\/demo\/wp-content\/uploads\/2019\/04\/sec-servicios-va.png 546w, http:\/\/camdg.com.ar\/demo\/wp-content\/uploads\/2019\/04\/sec-servicios-va-300x220.png 300w, http:\/\/camdg.com.ar\/demo\/wp-content\/uploads\/2019\/04\/sec-servicios-va-150x110.png 150w\" sizes=\"(max-width: 546px) 100vw, 546px\" \/>\t\t\t\t\t\t\t\t\t\t\t\t\t<\/div>\n\t\t\t\t<\/div>\n\t\t\t\t\t<\/div>\n\t\t<\/div>\n\t\t\t\t\t<\/div>\n\t\t<\/section>\n\t\t\t\t\t<\/div>\n\t\t<\/div>\n\t\t\t\t\t<\/div>\n\t\t<\/section>\n\t\t\t\t<\/div>\n\t\t","protected":false},"excerpt":{"rendered":"<p>CAPACITACI\u00d3N DE DIRECTIVOS, ABOGADOS Y PERSONAL DE LA EMPRESA Este Estudio ofrece la posibilidad de realizar cursos peri\u00f3dicos de actualizaci\u00f3n en Derecho Empresario y sobre Relaciones Laborales. Estos cursos pueden destinarse tanto al personal de la instituci\u00f3n como a sus altos cargos directivos. MEDIACI\u00d3N Y ARBITRAJE Nuestro aporte, en primer&#8230;<\/p>\n<p> <a class=\"continue-reading-link\" href=\"http:\/\/camdg.com.ar\/demo\/abogados\/\"><span>Continue reading<\/span><i class=\"crycon-right-dir\"><\/i><\/a> <\/p>\n","protected":false},"author":3,"featured_media":0,"parent":0,"menu_order":0,"comment_status":"closed","ping_status":"closed","template":"","meta":{"footnotes":""},"_links":{"self":[{"href":"http:\/\/camdg.com.ar\/demo\/wp-json\/wp\/v2\/pages\/317"}],"collection":[{"href":"http:\/\/camdg.com.ar\/demo\/wp-json\/wp\/v2\/pages"}],"about":[{"href":"http:\/\/camdg.com.ar\/demo\/wp-json\/wp\/v2\/types\/page"}],"author":[{"embeddable":true,"href":"http:\/\/camdg.com.ar\/demo\/wp-json\/wp\/v2\/users\/3"}],"replies":[{"embeddable":true,"href":"http:\/\/camdg.com.ar\/demo\/wp-json\/wp\/v2\/comments?post=317"}],"version-history":[{"count":6,"href":"http:\/\/camdg.com.ar\/demo\/wp-json\/wp\/v2\/pages\/317\/revisions"}],"predecessor-version":[{"id":446,"href":"http:\/\/camdg.com.ar\/demo\/wp-json\/wp\/v2\/pages\/317\/revisions\/446"}],"wp:attachment":[{"href":"http:\/\/camdg.com.ar\/demo\/wp-json\/wp\/v2\/media?parent=317"}],"curies":[{"name":"wp","href":"https:\/\/api.w.org\/{rel}","templated":true}]}}