{"id":283,"date":"2019-04-01T21:16:06","date_gmt":"2019-04-01T21:16:06","guid":{"rendered":"http:\/\/camdg.com.ar\/demo\/?page_id=283"},"modified":"2019-04-16T19:07:16","modified_gmt":"2019-04-16T19:07:16","slug":"servicios","status":"publish","type":"page","link":"http:\/\/camdg.com.ar\/demo\/servicios\/","title":{"rendered":"Servicios"},"content":{"rendered":"\t\t<div data-elementor-type=\"wp-post\" data-elementor-id=\"283\" class=\"elementor elementor-283\">\n\t\t\t\t\t\t<section class=\"elementor-section elementor-top-section elementor-element elementor-element-6f696d5a elementor-section-boxed elementor-section-height-default elementor-section-height-default\" data-id=\"6f696d5a\" data-element_type=\"section\">\n\t\t\t\t\t\t<div class=\"elementor-container elementor-column-gap-default\">\n\t\t\t\t\t<div class=\"elementor-column elementor-col-100 elementor-top-column elementor-element elementor-element-4246b95f\" data-id=\"4246b95f\" data-element_type=\"column\">\n\t\t\t<div class=\"elementor-widget-wrap elementor-element-populated\">\n\t\t\t\t\t\t<section class=\"elementor-section elementor-inner-section elementor-element elementor-element-b626e42 elementor-section-boxed elementor-section-height-default elementor-section-height-default\" data-id=\"b626e42\" data-element_type=\"section\">\n\t\t\t\t\t\t<div class=\"elementor-container elementor-column-gap-default\">\n\t\t\t\t\t<div class=\"elementor-column elementor-col-33 elementor-inner-column elementor-element elementor-element-03d7441\" data-id=\"03d7441\" data-element_type=\"column\">\n\t\t\t<div class=\"elementor-widget-wrap elementor-element-populated\">\n\t\t\t\t\t\t<div class=\"elementor-element elementor-element-3722838 elementor-widget elementor-widget-image\" data-id=\"3722838\" data-element_type=\"widget\" data-widget_type=\"image.default\">\n\t\t\t\t<div class=\"elementor-widget-container\">\n\t\t\t\t\t\t\t\t\t\t\t\t\t<img decoding=\"async\" width=\"10\" height=\"420\" src=\"http:\/\/camdg.com.ar\/demo\/wp-content\/uploads\/2019\/04\/puntos.png\" class=\"attachment-full size-full wp-image-424\" alt=\"\" \/>\t\t\t\t\t\t\t\t\t\t\t\t\t<\/div>\n\t\t\t\t<\/div>\n\t\t\t\t\t<\/div>\n\t\t<\/div>\n\t\t\t\t<div class=\"elementor-column elementor-col-33 elementor-inner-column elementor-element elementor-element-b5e3630\" data-id=\"b5e3630\" data-element_type=\"column\">\n\t\t\t<div class=\"elementor-widget-wrap elementor-element-populated\">\n\t\t\t\t\t\t<div class=\"elementor-element elementor-element-90024d4 elementor-widget elementor-widget-text-editor\" data-id=\"90024d4\" data-element_type=\"widget\" data-widget_type=\"text-editor.default\">\n\t\t\t\t<div class=\"elementor-widget-container\">\n\t\t\t\t\t\t\t<p><strong>AREA EXTRAJUDICIAL<\/strong><\/p><ul><li>SECCI\u00d3N DE NEGOCIACI\u00d3N Y CONVENIOS<\/li><li>SECCI\u00d3N ASESORAMIENTO JUR\u00cdDICO INTEGRAL Y ASESORAMIENTO A EMPRESAS EN MATERIA DE RELACIONES LABORALES\u00a0<\/li><\/ul><p><strong>AREA JUDICIAL<\/strong><\/p><p><strong>OTROS SERVICIOS<\/strong><\/p><ul><li>CAPACITACI\u00d3N DE DIRECTIVOS, ABOGADOS Y PERSONAL DE LA EMPRESA<\/li><li>MEDIACI\u00d3N Y ARBITRAJE<\/li><li><span lang=\"ES\" style=\"font-size: 12.0pt; line-height: 115%; font-family: 'Arial','sans-serif';\">ASESORAMIENTO PARA ANTICIPAR SOLUCIONES POR MEDIACI\u00d3N O ARBITRAJE<\/span><\/li><\/ul><p><strong>CONFLICTOS CON EL EXTRANJERO<\/strong><\/p><ul><li>NEGOCIACI\u00d3N \u2013 MEDIACI\u00d3N INTERNACIONALES<\/li><li>NEGOCIACI\u00d3N \u2013 MEDIACI\u00d3N INTERNACIONALES EN MODALIDAD ON LINE(ODR)<\/li><\/ul>\t\t\t\t\t\t<\/div>\n\t\t\t\t<\/div>\n\t\t\t\t\t<\/div>\n\t\t<\/div>\n\t\t\t\t<div class=\"elementor-column elementor-col-33 elementor-inner-column elementor-element elementor-element-b691940\" data-id=\"b691940\" data-element_type=\"column\">\n\t\t\t<div class=\"elementor-widget-wrap elementor-element-populated\">\n\t\t\t\t\t\t<div class=\"elementor-element elementor-element-85261e6 elementor-widget elementor-widget-image\" data-id=\"85261e6\" data-element_type=\"widget\" data-widget_type=\"image.default\">\n\t\t\t\t<div class=\"elementor-widget-container\">\n\t\t\t\t\t\t\t\t\t\t\t\t\t<img fetchpriority=\"high\" decoding=\"async\" width=\"600\" height=\"400\" src=\"http:\/\/camdg.com.ar\/demo\/wp-content\/uploads\/2019\/04\/sec-servicios.png\" class=\"attachment-full size-full wp-image-428\" alt=\"\" srcset=\"http:\/\/camdg.com.ar\/demo\/wp-content\/uploads\/2019\/04\/sec-servicios.png 600w, http:\/\/camdg.com.ar\/demo\/wp-content\/uploads\/2019\/04\/sec-servicios-300x200.png 300w, http:\/\/camdg.com.ar\/demo\/wp-content\/uploads\/2019\/04\/sec-servicios-150x100.png 150w\" sizes=\"(max-width: 600px) 100vw, 600px\" \/>\t\t\t\t\t\t\t\t\t\t\t\t\t<\/div>\n\t\t\t\t<\/div>\n\t\t\t\t\t<\/div>\n\t\t<\/div>\n\t\t\t\t\t<\/div>\n\t\t<\/section>\n\t\t\t\t<div class=\"elementor-element elementor-element-3e47aaaa elementor-widget elementor-widget-text-editor\" data-id=\"3e47aaaa\" data-element_type=\"widget\" data-widget_type=\"text-editor.default\">\n\t\t\t\t<div class=\"elementor-widget-container\">\n\t\t\t\t\t\t\t<div id=\"pl-283\" class=\"panel-layout\">\n<div id=\"pg-283-0\" class=\"panel-grid panel-no-style\" data-style=\"{&quot;background_image_attachment&quot;:false,&quot;background_display&quot;:&quot;tile&quot;,&quot;cell_alignment&quot;:&quot;flex-start&quot;,&quot;iw-visible-screen&quot;:&quot;iw-all&quot;,&quot;iw-visible-layout&quot;:&quot;iw-all&quot;}\">\n<div id=\"pgc-283-0-0\" class=\"panel-grid-cell\" data-weight=\"0.5\"><\/div>\n<div id=\"pgc-283-0-1\" class=\"panel-grid-cell\" data-weight=\"0.5\">\n<div id=\"panel-283-0-1-0\" class=\"so-panel widget widget_sow-image panel-first-child panel-last-child\" data-index=\"1\" data-style=\"{&quot;background_image_attachment&quot;:false,&quot;background_display&quot;:&quot;tile&quot;,&quot;iw-visible-screen&quot;:&quot;iw-all&quot;,&quot;iw-visible-layout&quot;:&quot;iw-all&quot;}\"><\/div>\n<\/div>\n<\/div>\n<\/div>\t\t\t\t\t\t<\/div>\n\t\t\t\t<\/div>\n\t\t\t\t\t<\/div>\n\t\t<\/div>\n\t\t\t\t\t<\/div>\n\t\t<\/section>\n\t\t\t\t<\/div>\n\t\t","protected":false},"excerpt":{"rendered":"<p>AREA EXTRAJUDICIAL SECCI\u00d3N DE NEGOCIACI\u00d3N Y CONVENIOS SECCI\u00d3N ASESORAMIENTO JUR\u00cdDICO INTEGRAL Y ASESORAMIENTO A EMPRESAS EN MATERIA DE RELACIONES LABORALES\u00a0 AREA JUDICIAL OTROS SERVICIOS CAPACITACI\u00d3N DE DIRECTIVOS, ABOGADOS Y PERSONAL DE LA EMPRESA MEDIACI\u00d3N Y ARBITRAJE ASESORAMIENTO PARA ANTICIPAR SOLUCIONES POR MEDIACI\u00d3N O ARBITRAJE CONFLICTOS CON EL EXTRANJERO NEGOCIACI\u00d3N \u2013&#8230;<\/p>\n<p> <a class=\"continue-reading-link\" href=\"http:\/\/camdg.com.ar\/demo\/servicios\/\"><span>Continue reading<\/span><i class=\"crycon-right-dir\"><\/i><\/a> <\/p>\n","protected":false},"author":3,"featured_media":0,"parent":0,"menu_order":0,"comment_status":"closed","ping_status":"closed","template":"","meta":{"footnotes":""},"_links":{"self":[{"href":"http:\/\/camdg.com.ar\/demo\/wp-json\/wp\/v2\/pages\/283"}],"collection":[{"href":"http:\/\/camdg.com.ar\/demo\/wp-json\/wp\/v2\/pages"}],"about":[{"href":"http:\/\/camdg.com.ar\/demo\/wp-json\/wp\/v2\/types\/page"}],"author":[{"embeddable":true,"href":"http:\/\/camdg.com.ar\/demo\/wp-json\/wp\/v2\/users\/3"}],"replies":[{"embeddable":true,"href":"http:\/\/camdg.com.ar\/demo\/wp-json\/wp\/v2\/comments?post=283"}],"version-history":[{"count":10,"href":"http:\/\/camdg.com.ar\/demo\/wp-json\/wp\/v2\/pages\/283\/revisions"}],"predecessor-version":[{"id":432,"href":"http:\/\/camdg.com.ar\/demo\/wp-json\/wp\/v2\/pages\/283\/revisions\/432"}],"wp:attachment":[{"href":"http:\/\/camdg.com.ar\/demo\/wp-json\/wp\/v2\/media?parent=283"}],"curies":[{"name":"wp","href":"https:\/\/api.w.org\/{rel}","templated":true}]}}